{"version":"1.0","provider_name":"Festival della Diplomazia","provider_url":"https:\/\/www.festivaldelladiplomazia.eu\/en\/","author_name":"Editore","author_url":"https:\/\/www.festivaldelladiplomazia.eu\/en\/author\/editore\/","title":"The Terrorist Threat - Festival della Diplomazia","type":"rich","width":600,"height":338,"html":"<blockquote class=\"wp-embedded-content\" data-secret=\"eJP8ekJvSZ\"><a href=\"https:\/\/www.festivaldelladiplomazia.eu\/en\/eventi\/is-terrorism-still-a-threat\/\">The Terrorist Threat<\/a><\/blockquote><iframe sandbox=\"allow-scripts\" security=\"restricted\" src=\"https:\/\/www.festivaldelladiplomazia.eu\/en\/eventi\/is-terrorism-still-a-threat\/embed\/#?secret=eJP8ekJvSZ\" width=\"600\" height=\"338\" title=\"&#8220;The Terrorist Threat&#8221; &#8212; Festival della Diplomazia\" data-secret=\"eJP8ekJvSZ\" frameborder=\"0\" marginwidth=\"0\" marginheight=\"0\" scrolling=\"no\" class=\"wp-embedded-content\"><\/iframe><script type=\"text\/javascript\">\n\/* <![CDATA[ *\/\n\/*! This file is auto-generated *\/\n!function(d,l){\"use strict\";l.querySelector&&d.addEventListener&&\"undefined\"!=typeof URL&&(d.wp=d.wp||{},d.wp.receiveEmbedMessage||(d.wp.receiveEmbedMessage=function(e){var t=e.data;if((t||t.secret||t.message||t.value)&&!\/[^a-zA-Z0-9]\/.test(t.secret)){for(var s,r,n,a=l.querySelectorAll('iframe[data-secret=\"'+t.secret+'\"]'),o=l.querySelectorAll('blockquote[data-secret=\"'+t.secret+'\"]'),c=new RegExp(\"^https?:$\",\"i\"),i=0;i<o.length;i++)o[i].style.display=\"none\";for(i=0;i<a.length;i++)s=a[i],e.source===s.contentWindow&&(s.removeAttribute(\"style\"),\"height\"===t.message?(1e3<(r=parseInt(t.value,10))?r=1e3:~~r<200&&(r=200),s.height=r):\"link\"===t.message&&(r=new URL(s.getAttribute(\"src\")),n=new URL(t.value),c.test(n.protocol))&&n.host===r.host&&l.activeElement===s&&(d.top.location.href=t.value))}},d.addEventListener(\"message\",d.wp.receiveEmbedMessage,!1),l.addEventListener(\"DOMContentLoaded\",function(){for(var e,t,s=l.querySelectorAll(\"iframe.wp-embedded-content\"),r=0;r<s.length;r++)(t=(e=s[r]).getAttribute(\"data-secret\"))||(t=Math.random().toString(36).substring(2,12),e.src+=\"#?secret=\"+t,e.setAttribute(\"data-secret\",t)),e.contentWindow.postMessage({message:\"ready\",secret:t},\"*\")},!1)))}(window,document);\n\/* ]]> *\/\n<\/script>\n","thumbnail_url":"https:\/\/www.festivaldelladiplomazia.eu\/wp-content\/uploads\/2023\/10\/Torri-gemelle.jpg","thumbnail_width":1280,"thumbnail_height":720,"description":"Nei canali e nel dibattito dei mass media il tema del terrorismo internazionale sembrerrebe essere sparito. Ma \u00e8 davvero possibile parlare di una fine del terrorismo, oppure le attivit\u00e0 dei gruppi terroristici sono mutate nelle loro forme di propaganda e di attivit\u00e0 condotte per finanziarsi."}

Nei canali e nel dibattito dei mass media il tema del terrorismo internazionale sembrerrebe essere sparito. Ma è davvero possibile parlare di una fine del terrorismo, oppure le attività dei gruppi terroristici sono mutate nelle loro forme di propaganda e di attività condotte per finanziarsi.
