{"id":14681,"date":"2023-10-06T15:42:28","date_gmt":"2023-10-06T13:42:28","guid":{"rendered":"https:\/\/www.festivaldelladiplomazia.eu\/?post_type=events&#038;p=14681"},"modified":"2023-10-18T14:41:00","modified_gmt":"2023-10-18T12:41:00","slug":"is-terrorism-still-a-threat","status":"publish","type":"events","link":"https:\/\/www.festivaldelladiplomazia.eu\/en\/eventi\/is-terrorism-still-a-threat\/","title":{"rendered":"The Terrorist Threat"},"content":{"rendered":"\n<p>Nei canali e nel dibattito dei mass media il tema del terrorismo internazionale sembrerrebe essere sparito. Ma \u00e8 davvero possibile parlare di una fine del terrorismo, oppure le attivit\u00e0 dei gruppi terroristici sono mutate nelle loro forme di propaganda e di attivit\u00e0 condotte per finanziarsi. Quali ideologie e quali obiettivi determinano l&#8217;attivit\u00e0 dei gruppi terroristici?<br>L&#8217;idea di stessa di terrorismo \u00e8 cambiata? Di cosa si dovrebbe discutere per mantenere alta l&#8217;attenzione e comprendere le cause profonde di questo fenomeno?<br>A queste e a molte altre domande i relatori del panel proveranno a rispondere durante l&#8217;incontro.<\/p>\n\n\n\n<p>Introduction and moderation: Amb. <strong>Maurizio Melani<\/strong><\/p>\n","protected":false},"featured_media":14678,"template":"","meta":{"_acf_changed":false,"footnotes":""},"tags":[],"channel":[],"event_type":[77],"acf":[],"yoast_head":"<!-- This site is optimized with the Yoast SEO plugin v24.5 - https:\/\/yoast.com\/wordpress\/plugins\/seo\/ -->\n<title>The Terrorist Threat - Festival della Diplomazia<\/title>\n<meta name=\"description\" content=\"Nei canali e nel dibattito dei mass media il tema del terrorismo internazionale sembrerrebe essere sparito. Ma \u00e8 davvero possibile parlare di una fine del terrorismo, oppure le attivit\u00e0 dei gruppi terroristici sono mutate nelle loro forme di propaganda e di attivit\u00e0 condotte per finanziarsi.\" \/>\n<meta name=\"robots\" content=\"index, follow, max-snippet:-1, max-image-preview:large, max-video-preview:-1\" \/>\n<link rel=\"canonical\" href=\"https:\/\/www.festivaldelladiplomazia.eu\/en\/eventi\/is-terrorism-still-a-threat\/\" \/>\n<meta property=\"og:locale\" content=\"en_US\" \/>\n<meta property=\"og:type\" content=\"article\" \/>\n<meta property=\"og:title\" content=\"The Terrorist Threat - Festival della Diplomazia\" \/>\n<meta property=\"og:description\" content=\"Nei canali e nel dibattito dei mass media il tema del terrorismo internazionale sembrerrebe essere sparito. Ma \u00e8 davvero possibile parlare di una fine del terrorismo, oppure le attivit\u00e0 dei gruppi terroristici sono mutate nelle loro forme di propaganda e di attivit\u00e0 condotte per finanziarsi.\" \/>\n<meta property=\"og:url\" content=\"https:\/\/www.festivaldelladiplomazia.eu\/en\/eventi\/is-terrorism-still-a-threat\/\" \/>\n<meta property=\"og:site_name\" content=\"Festival della Diplomazia\" \/>\n<meta property=\"article:modified_time\" content=\"2023-10-18T12:41:00+00:00\" \/>\n<meta property=\"og:image\" content=\"https:\/\/www.festivaldelladiplomazia.eu\/wp-content\/uploads\/2023\/10\/Torri-gemelle.jpg\" \/>\n\t<meta property=\"og:image:width\" content=\"1280\" \/>\n\t<meta property=\"og:image:height\" content=\"720\" \/>\n\t<meta property=\"og:image:type\" content=\"image\/jpeg\" \/>\n<meta name=\"twitter:card\" content=\"summary_large_image\" \/>\n<meta name=\"twitter:label1\" content=\"Est. reading time\" \/>\n\t<meta name=\"twitter:data1\" content=\"1 minute\" \/>\n<script type=\"application\/ld+json\" class=\"yoast-schema-graph\">{\"@context\":\"https:\/\/schema.org\",\"@graph\":[{\"@type\":\"WebPage\",\"@id\":\"https:\/\/www.festivaldelladiplomazia.eu\/en\/eventi\/is-terrorism-still-a-threat\/\",\"url\":\"https:\/\/www.festivaldelladiplomazia.eu\/en\/eventi\/is-terrorism-still-a-threat\/\",\"name\":\"The Terrorist Threat - Festival della Diplomazia\",\"isPartOf\":{\"@id\":\"https:\/\/www.festivaldelladiplomazia.eu\/#website\"},\"primaryImageOfPage\":{\"@id\":\"https:\/\/www.festivaldelladiplomazia.eu\/en\/eventi\/is-terrorism-still-a-threat\/#primaryimage\"},\"image\":{\"@id\":\"https:\/\/www.festivaldelladiplomazia.eu\/en\/eventi\/is-terrorism-still-a-threat\/#primaryimage\"},\"thumbnailUrl\":\"https:\/\/www.festivaldelladiplomazia.eu\/wp-content\/uploads\/2023\/10\/Torri-gemelle.jpg\",\"datePublished\":\"2023-10-06T13:42:28+00:00\",\"dateModified\":\"2023-10-18T12:41:00+00:00\",\"description\":\"Nei canali e nel dibattito dei mass media il tema del terrorismo internazionale sembrerrebe essere sparito. Ma \u00e8 davvero possibile parlare di una fine del terrorismo, oppure le attivit\u00e0 dei gruppi terroristici sono mutate nelle loro forme di propaganda e di attivit\u00e0 condotte per finanziarsi.\",\"breadcrumb\":{\"@id\":\"https:\/\/www.festivaldelladiplomazia.eu\/en\/eventi\/is-terrorism-still-a-threat\/#breadcrumb\"},\"inLanguage\":\"en-US\",\"potentialAction\":[{\"@type\":\"ReadAction\",\"target\":[\"https:\/\/www.festivaldelladiplomazia.eu\/en\/eventi\/is-terrorism-still-a-threat\/\"]}]},{\"@type\":\"ImageObject\",\"inLanguage\":\"en-US\",\"@id\":\"https:\/\/www.festivaldelladiplomazia.eu\/en\/eventi\/is-terrorism-still-a-threat\/#primaryimage\",\"url\":\"https:\/\/www.festivaldelladiplomazia.eu\/wp-content\/uploads\/2023\/10\/Torri-gemelle.jpg\",\"contentUrl\":\"https:\/\/www.festivaldelladiplomazia.eu\/wp-content\/uploads\/2023\/10\/Torri-gemelle.jpg\",\"width\":1280,\"height\":720},{\"@type\":\"BreadcrumbList\",\"@id\":\"https:\/\/www.festivaldelladiplomazia.eu\/en\/eventi\/is-terrorism-still-a-threat\/#breadcrumb\",\"itemListElement\":[{\"@type\":\"ListItem\",\"position\":1,\"name\":\"Home\",\"item\":\"https:\/\/www.festivaldelladiplomazia.eu\/en\/\"},{\"@type\":\"ListItem\",\"position\":2,\"name\":\"The Terrorist Threat\"}]},{\"@type\":\"WebSite\",\"@id\":\"https:\/\/www.festivaldelladiplomazia.eu\/#website\",\"url\":\"https:\/\/www.festivaldelladiplomazia.eu\/\",\"name\":\"Festival della Diplomazia\",\"description\":\"\",\"potentialAction\":[{\"@type\":\"SearchAction\",\"target\":{\"@type\":\"EntryPoint\",\"urlTemplate\":\"https:\/\/www.festivaldelladiplomazia.eu\/?s={search_term_string}\"},\"query-input\":{\"@type\":\"PropertyValueSpecification\",\"valueRequired\":true,\"valueName\":\"search_term_string\"}}],\"inLanguage\":\"en-US\"}]}<\/script>\n<!-- \/ Yoast SEO plugin. -->","yoast_head_json":{"title":"The Terrorist Threat - Festival della Diplomazia","description":"Nei canali e nel dibattito dei mass media il tema del terrorismo internazionale sembrerrebe essere sparito. Ma \u00e8 davvero possibile parlare di una fine del terrorismo, oppure le attivit\u00e0 dei gruppi terroristici sono mutate nelle loro forme di propaganda e di attivit\u00e0 condotte per finanziarsi.","robots":{"index":"index","follow":"follow","max-snippet":"max-snippet:-1","max-image-preview":"max-image-preview:large","max-video-preview":"max-video-preview:-1"},"canonical":"https:\/\/www.festivaldelladiplomazia.eu\/en\/eventi\/is-terrorism-still-a-threat\/","og_locale":"en_US","og_type":"article","og_title":"The Terrorist Threat - Festival della Diplomazia","og_description":"Nei canali e nel dibattito dei mass media il tema del terrorismo internazionale sembrerrebe essere sparito. Ma \u00e8 davvero possibile parlare di una fine del terrorismo, oppure le attivit\u00e0 dei gruppi terroristici sono mutate nelle loro forme di propaganda e di attivit\u00e0 condotte per finanziarsi.","og_url":"https:\/\/www.festivaldelladiplomazia.eu\/en\/eventi\/is-terrorism-still-a-threat\/","og_site_name":"Festival della Diplomazia","article_modified_time":"2023-10-18T12:41:00+00:00","og_image":[{"width":1280,"height":720,"url":"https:\/\/www.festivaldelladiplomazia.eu\/wp-content\/uploads\/2023\/10\/Torri-gemelle.jpg","type":"image\/jpeg"}],"twitter_card":"summary_large_image","twitter_misc":{"Est. reading time":"1 minute"},"schema":{"@context":"https:\/\/schema.org","@graph":[{"@type":"WebPage","@id":"https:\/\/www.festivaldelladiplomazia.eu\/en\/eventi\/is-terrorism-still-a-threat\/","url":"https:\/\/www.festivaldelladiplomazia.eu\/en\/eventi\/is-terrorism-still-a-threat\/","name":"The Terrorist Threat - Festival della Diplomazia","isPartOf":{"@id":"https:\/\/www.festivaldelladiplomazia.eu\/#website"},"primaryImageOfPage":{"@id":"https:\/\/www.festivaldelladiplomazia.eu\/en\/eventi\/is-terrorism-still-a-threat\/#primaryimage"},"image":{"@id":"https:\/\/www.festivaldelladiplomazia.eu\/en\/eventi\/is-terrorism-still-a-threat\/#primaryimage"},"thumbnailUrl":"https:\/\/www.festivaldelladiplomazia.eu\/wp-content\/uploads\/2023\/10\/Torri-gemelle.jpg","datePublished":"2023-10-06T13:42:28+00:00","dateModified":"2023-10-18T12:41:00+00:00","description":"Nei canali e nel dibattito dei mass media il tema del terrorismo internazionale sembrerrebe essere sparito. Ma \u00e8 davvero possibile parlare di una fine del terrorismo, oppure le attivit\u00e0 dei gruppi terroristici sono mutate nelle loro forme di propaganda e di attivit\u00e0 condotte per finanziarsi.","breadcrumb":{"@id":"https:\/\/www.festivaldelladiplomazia.eu\/en\/eventi\/is-terrorism-still-a-threat\/#breadcrumb"},"inLanguage":"en-US","potentialAction":[{"@type":"ReadAction","target":["https:\/\/www.festivaldelladiplomazia.eu\/en\/eventi\/is-terrorism-still-a-threat\/"]}]},{"@type":"ImageObject","inLanguage":"en-US","@id":"https:\/\/www.festivaldelladiplomazia.eu\/en\/eventi\/is-terrorism-still-a-threat\/#primaryimage","url":"https:\/\/www.festivaldelladiplomazia.eu\/wp-content\/uploads\/2023\/10\/Torri-gemelle.jpg","contentUrl":"https:\/\/www.festivaldelladiplomazia.eu\/wp-content\/uploads\/2023\/10\/Torri-gemelle.jpg","width":1280,"height":720},{"@type":"BreadcrumbList","@id":"https:\/\/www.festivaldelladiplomazia.eu\/en\/eventi\/is-terrorism-still-a-threat\/#breadcrumb","itemListElement":[{"@type":"ListItem","position":1,"name":"Home","item":"https:\/\/www.festivaldelladiplomazia.eu\/en\/"},{"@type":"ListItem","position":2,"name":"The Terrorist Threat"}]},{"@type":"WebSite","@id":"https:\/\/www.festivaldelladiplomazia.eu\/#website","url":"https:\/\/www.festivaldelladiplomazia.eu\/","name":"Festival della Diplomazia","description":"","potentialAction":[{"@type":"SearchAction","target":{"@type":"EntryPoint","urlTemplate":"https:\/\/www.festivaldelladiplomazia.eu\/?s={search_term_string}"},"query-input":{"@type":"PropertyValueSpecification","valueRequired":true,"valueName":"search_term_string"}}],"inLanguage":"en-US"}]}},"_links":{"self":[{"href":"https:\/\/www.festivaldelladiplomazia.eu\/en\/wp-json\/wp\/v2\/events\/14681"}],"collection":[{"href":"https:\/\/www.festivaldelladiplomazia.eu\/en\/wp-json\/wp\/v2\/events"}],"about":[{"href":"https:\/\/www.festivaldelladiplomazia.eu\/en\/wp-json\/wp\/v2\/types\/events"}],"version-history":[{"count":4,"href":"https:\/\/www.festivaldelladiplomazia.eu\/en\/wp-json\/wp\/v2\/events\/14681\/revisions"}],"predecessor-version":[{"id":16619,"href":"https:\/\/www.festivaldelladiplomazia.eu\/en\/wp-json\/wp\/v2\/events\/14681\/revisions\/16619"}],"wp:featuredmedia":[{"embeddable":true,"href":"https:\/\/www.festivaldelladiplomazia.eu\/en\/wp-json\/wp\/v2\/media\/14678"}],"wp:attachment":[{"href":"https:\/\/www.festivaldelladiplomazia.eu\/en\/wp-json\/wp\/v2\/media?parent=14681"}],"wp:term":[{"taxonomy":"post_tag","embeddable":true,"href":"https:\/\/www.festivaldelladiplomazia.eu\/en\/wp-json\/wp\/v2\/tags?post=14681"},{"taxonomy":"channel","embeddable":true,"href":"https:\/\/www.festivaldelladiplomazia.eu\/en\/wp-json\/wp\/v2\/channel?post=14681"},{"taxonomy":"event_type","embeddable":true,"href":"https:\/\/www.festivaldelladiplomazia.eu\/en\/wp-json\/wp\/v2\/event_type?post=14681"}],"curies":[{"name":"wp","href":"https:\/\/api.w.org\/{rel}","templated":true}]}}

<p>Nei canali e nel dibattito dei mass media il tema del terrorismo internazionale sembrerrebe essere sparito. Ma è davvero possibile parlare di una fine del terrorismo, oppure le attività dei gruppi terroristici sono mutate nelle loro forme di propaganda e di attività condotte per finanziarsi. Quali ideologie e quali obiettivi determinano l&#8217;attività dei gruppi terroristici?<br>L&#8217;idea di stessa di terrorismo è cambiata? Di cosa si dovrebbe discutere per mantenere alta l&#8217;attenzione e comprendere le cause profonde di questo fenomeno?<br>A queste e a molte altre domande i relatori del panel proveranno a rispondere durante l&#8217;incontro.</p>



<p>Introduction and moderation: Amb. <strong>Maurizio Melani</strong></p>

<!-- This site is optimized with the Yoast SEO plugin v24.5 - https://yoast.com/wordpress/plugins/seo/ -->
<title>The Terrorist Threat - Festival della Diplomazia</title>
<meta name="description" content="Nei canali e nel dibattito dei mass media il tema del terrorismo internazionale sembrerrebe essere sparito. Ma è davvero possibile parlare di una fine del terrorismo, oppure le attività dei gruppi terroristici sono mutate nelle loro forme di propaganda e di attività condotte per finanziarsi." />
<meta name="robots" content="index, follow, max-snippet:-1, max-image-preview:large, max-video-preview:-1" />
<link rel="canonical" href="https://www.festivaldelladiplomazia.eu/en/eventi/is-terrorism-still-a-threat/" />
<meta property="og:locale" content="en_US" />
<meta property="og:type" content="article" />
<meta property="og:title" content="The Terrorist Threat - Festival della Diplomazia" />
<meta property="og:description" content="Nei canali e nel dibattito dei mass media il tema del terrorismo internazionale sembrerrebe essere sparito. Ma è davvero possibile parlare di una fine del terrorismo, oppure le attività dei gruppi terroristici sono mutate nelle loro forme di propaganda e di attività condotte per finanziarsi." />
<meta property="og:url" content="https://www.festivaldelladiplomazia.eu/en/eventi/is-terrorism-still-a-threat/" />
<meta property="og:site_name" content="Festival della Diplomazia" />
<meta property="article:modified_time" content="2023-10-18T12:41:00+00:00" />
<meta property="og:image" content="https://www.festivaldelladiplomazia.eu/wp-content/uploads/2023/10/Torri-gemelle.jpg" />
	<meta property="og:image:width" content="1280" />
	<meta property="og:image:height" content="720" />
	<meta property="og:image:type" content="image/jpeg" />
<meta name="twitter:card" content="summary_large_image" />
<meta name="twitter:label1" content="Est. reading time" />
	<meta name="twitter:data1" content="1 minute" />
<script type="application/ld+json" class="yoast-schema-graph">{"@context":"https://schema.org","@graph":[{"@type":"WebPage","@id":"https://www.festivaldelladiplomazia.eu/en/eventi/is-terrorism-still-a-threat/","url":"https://www.festivaldelladiplomazia.eu/en/eventi/is-terrorism-still-a-threat/","name":"The Terrorist Threat - Festival della Diplomazia","isPartOf":{"@id":"https://www.festivaldelladiplomazia.eu/#website"},"primaryImageOfPage":{"@id":"https://www.festivaldelladiplomazia.eu/en/eventi/is-terrorism-still-a-threat/#primaryimage"},"image":{"@id":"https://www.festivaldelladiplomazia.eu/en/eventi/is-terrorism-still-a-threat/#primaryimage"},"thumbnailUrl":"https://www.festivaldelladiplomazia.eu/wp-content/uploads/2023/10/Torri-gemelle.jpg","datePublished":"2023-10-06T13:42:28+00:00","dateModified":"2023-10-18T12:41:00+00:00","description":"Nei canali e nel dibattito dei mass media il tema del terrorismo internazionale sembrerrebe essere sparito. Ma è davvero possibile parlare di una fine del terrorismo, oppure le attività dei gruppi terroristici sono mutate nelle loro forme di propaganda e di attività condotte per finanziarsi.","breadcrumb":{"@id":"https://www.festivaldelladiplomazia.eu/en/eventi/is-terrorism-still-a-threat/#breadcrumb"},"inLanguage":"en-US","potentialAction":[{"@type":"ReadAction","target":["https://www.festivaldelladiplomazia.eu/en/eventi/is-terrorism-still-a-threat/"]}]},{"@type":"ImageObject","inLanguage":"en-US","@id":"https://www.festivaldelladiplomazia.eu/en/eventi/is-terrorism-still-a-threat/#primaryimage","url":"https://www.festivaldelladiplomazia.eu/wp-content/uploads/2023/10/Torri-gemelle.jpg","contentUrl":"https://www.festivaldelladiplomazia.eu/wp-content/uploads/2023/10/Torri-gemelle.jpg","width":1280,"height":720},{"@type":"BreadcrumbList","@id":"https://www.festivaldelladiplomazia.eu/en/eventi/is-terrorism-still-a-threat/#breadcrumb","itemListElement":[{"@type":"ListItem","position":1,"name":"Home","item":"https://www.festivaldelladiplomazia.eu/en/"},{"@type":"ListItem","position":2,"name":"The Terrorist Threat"}]},{"@type":"WebSite","@id":"https://www.festivaldelladiplomazia.eu/#website","url":"https://www.festivaldelladiplomazia.eu/","name":"Festival della Diplomazia","description":"","potentialAction":[{"@type":"SearchAction","target":{"@type":"EntryPoint","urlTemplate":"https://www.festivaldelladiplomazia.eu/?s={search_term_string}"},"query-input":{"@type":"PropertyValueSpecification","valueRequired":true,"valueName":"search_term_string"}}],"inLanguage":"en-US"}]}</script>
<!-- / Yoast SEO plugin. -->

Nei canali e nel dibattito dei mass media il tema del terrorismo internazionale sembrerrebe essere sparito. Ma è davvero possibile parlare di una fine del terrorismo, oppure le attività dei gruppi terroristici sono mutate nelle loro forme di propaganda e di attività condotte per finanziarsi.
