{"id":25207,"date":"2025-07-01T14:36:54","date_gmt":"2025-07-01T12:36:54","guid":{"rendered":"https:\/\/www.festivaldelladiplomazia.eu\/speakers\/carlotta-ventura-2\/"},"modified":"2025-09-23T11:04:34","modified_gmt":"2025-09-23T09:04:34","slug":"carlotta-ventura-2","status":"publish","type":"speakers","link":"https:\/\/www.festivaldelladiplomazia.eu\/en\/speakers\/carlotta-ventura-2\/","title":{"rendered":"Carlotta Ventura"},"content":{"rendered":"\n<p>Responsabile della Comunicazione, Sostenibilit\u00e0 e Affari Regionali, della A2A<\/p>\n\n<p>Ha lunga esperienza di tutte le componenti della comunicazione istituzionale e di business e un forte interesse per sostenibilit\u00e0 e responsabilit\u00e0 sociale coniugate a innovazione, ricerca e start up. Ha lavorato in General Motors Italia, Opel Italia e poi in Ford. In Telecom Italia dal 2000, ricopre vari incarichi fino al ruolo di Executive Vice President \u2013 Brand Strategy and Media, con l\u2019obiettivo di garantire politiche di gestione e posizionamento del marchio, identit\u00e0 aziendale e strategia di comunicazione. Dal 2016 al 2018 \u00e8 Direttore Centrale Brand Strategy e Comunicazione presso Ferrovie dello Stato e nel 2019 assume l\u2019incarico di Direttore del Centro Studi Americani nonch\u00e9 quello di Brand, Marketing and Communications Director for Med Region di EY. \u00c8 Adjunct Professor della LUISS Business School e della Pontificia Universit\u00e0 Gregoriana e nel sociale segue attivamente programmi e iniziative volti alla promozione della diversity e dell\u2019inclusione. Da marzo 2024 \u00e8 Presidente di Amsa S.p.A. e da aprile 2025 Consigliere del Consiglio Direttivo di UN Global Compact Network Italia. Laureata in Lettere e Filosofia presso l\u2019Universit\u00e0 La Sapienza di Roma, ha coltivato negli anni la sua passione per l\u2019archeologia e le lingue classiche coniugandole a un costante approfondimento dei temi di economia e geopolitica. Nel febbraio 2023, ha conseguito il master per Senior Executive presso la Stanford University Graduate School of Business, focalizzandosi in particolare su business e leadership (dal design thinking, alla negoziazione, dall\u2019ingegneria finanziaria al crisis management).<\/p>\n\n<p><\/p>\n","protected":false},"featured_media":25200,"template":"","meta":{"_acf_changed":false,"footnotes":""},"acf":[],"yoast_head":"<!-- This site is optimized with the Yoast SEO plugin v24.5 - https:\/\/yoast.com\/wordpress\/plugins\/seo\/ -->\n<title>Carlotta Ventura - Festival della Diplomazia<\/title>\n<meta name=\"description\" content=\"Chief Communication, Sustainability and Regional Affairs Officer, A2A\" \/>\n<meta name=\"robots\" content=\"index, follow, max-snippet:-1, max-image-preview:large, max-video-preview:-1\" \/>\n<link rel=\"canonical\" href=\"https:\/\/www.festivaldelladiplomazia.eu\/en\/speakers\/carlotta-ventura-2\/\" \/>\n<meta property=\"og:locale\" content=\"en_US\" \/>\n<meta property=\"og:type\" content=\"article\" \/>\n<meta property=\"og:title\" content=\"Carlotta Ventura - Festival della Diplomazia\" \/>\n<meta property=\"og:description\" content=\"Chief Communication, Sustainability and Regional Affairs Officer, A2A\" \/>\n<meta property=\"og:url\" content=\"https:\/\/www.festivaldelladiplomazia.eu\/en\/speakers\/carlotta-ventura-2\/\" \/>\n<meta property=\"og:site_name\" content=\"Festival della Diplomazia\" \/>\n<meta property=\"article:modified_time\" content=\"2025-09-23T09:04:34+00:00\" \/>\n<meta property=\"og:image\" content=\"https:\/\/www.festivaldelladiplomazia.eu\/wp-content\/uploads\/2025\/07\/ventura-0255_processed-scaled.jpg\" \/>\n\t<meta property=\"og:image:width\" content=\"2396\" \/>\n\t<meta property=\"og:image:height\" content=\"2560\" \/>\n\t<meta property=\"og:image:type\" content=\"image\/jpeg\" \/>\n<meta name=\"twitter:card\" content=\"summary_large_image\" \/>\n<meta name=\"twitter:label1\" content=\"Est. reading time\" \/>\n\t<meta name=\"twitter:data1\" content=\"2 minutes\" \/>\n<script type=\"application\/ld+json\" class=\"yoast-schema-graph\">{\"@context\":\"https:\/\/schema.org\",\"@graph\":[{\"@type\":\"WebPage\",\"@id\":\"https:\/\/www.festivaldelladiplomazia.eu\/en\/speakers\/carlotta-ventura-2\/\",\"url\":\"https:\/\/www.festivaldelladiplomazia.eu\/en\/speakers\/carlotta-ventura-2\/\",\"name\":\"Carlotta Ventura - Festival della Diplomazia\",\"isPartOf\":{\"@id\":\"https:\/\/www.festivaldelladiplomazia.eu\/#website\"},\"primaryImageOfPage\":{\"@id\":\"https:\/\/www.festivaldelladiplomazia.eu\/en\/speakers\/carlotta-ventura-2\/#primaryimage\"},\"image\":{\"@id\":\"https:\/\/www.festivaldelladiplomazia.eu\/en\/speakers\/carlotta-ventura-2\/#primaryimage\"},\"thumbnailUrl\":\"https:\/\/www.festivaldelladiplomazia.eu\/wp-content\/uploads\/2025\/07\/ventura-0255_processed-scaled.jpg\",\"datePublished\":\"2025-07-01T12:36:54+00:00\",\"dateModified\":\"2025-09-23T09:04:34+00:00\",\"description\":\"Chief Communication, Sustainability and Regional Affairs Officer, A2A\",\"breadcrumb\":{\"@id\":\"https:\/\/www.festivaldelladiplomazia.eu\/en\/speakers\/carlotta-ventura-2\/#breadcrumb\"},\"inLanguage\":\"en-US\",\"potentialAction\":[{\"@type\":\"ReadAction\",\"target\":[\"https:\/\/www.festivaldelladiplomazia.eu\/en\/speakers\/carlotta-ventura-2\/\"]}]},{\"@type\":\"ImageObject\",\"inLanguage\":\"en-US\",\"@id\":\"https:\/\/www.festivaldelladiplomazia.eu\/en\/speakers\/carlotta-ventura-2\/#primaryimage\",\"url\":\"https:\/\/www.festivaldelladiplomazia.eu\/wp-content\/uploads\/2025\/07\/ventura-0255_processed-scaled.jpg\",\"contentUrl\":\"https:\/\/www.festivaldelladiplomazia.eu\/wp-content\/uploads\/2025\/07\/ventura-0255_processed-scaled.jpg\",\"width\":2396,\"height\":2560},{\"@type\":\"BreadcrumbList\",\"@id\":\"https:\/\/www.festivaldelladiplomazia.eu\/en\/speakers\/carlotta-ventura-2\/#breadcrumb\",\"itemListElement\":[{\"@type\":\"ListItem\",\"position\":1,\"name\":\"Home\",\"item\":\"https:\/\/www.festivaldelladiplomazia.eu\/en\/\"},{\"@type\":\"ListItem\",\"position\":2,\"name\":\"Speakers\",\"item\":\"https:\/\/www.festivaldelladiplomazia.eu\/speakers\/\"},{\"@type\":\"ListItem\",\"position\":3,\"name\":\"Carlotta Ventura\"}]},{\"@type\":\"WebSite\",\"@id\":\"https:\/\/www.festivaldelladiplomazia.eu\/#website\",\"url\":\"https:\/\/www.festivaldelladiplomazia.eu\/\",\"name\":\"Festival della Diplomazia\",\"description\":\"\",\"potentialAction\":[{\"@type\":\"SearchAction\",\"target\":{\"@type\":\"EntryPoint\",\"urlTemplate\":\"https:\/\/www.festivaldelladiplomazia.eu\/?s={search_term_string}\"},\"query-input\":{\"@type\":\"PropertyValueSpecification\",\"valueRequired\":true,\"valueName\":\"search_term_string\"}}],\"inLanguage\":\"en-US\"}]}<\/script>\n<!-- \/ Yoast SEO plugin. -->","yoast_head_json":{"title":"Carlotta Ventura - Festival della Diplomazia","description":"Chief Communication, Sustainability and Regional Affairs Officer, A2A","robots":{"index":"index","follow":"follow","max-snippet":"max-snippet:-1","max-image-preview":"max-image-preview:large","max-video-preview":"max-video-preview:-1"},"canonical":"https:\/\/www.festivaldelladiplomazia.eu\/en\/speakers\/carlotta-ventura-2\/","og_locale":"en_US","og_type":"article","og_title":"Carlotta Ventura - Festival della Diplomazia","og_description":"Chief Communication, Sustainability and Regional Affairs Officer, A2A","og_url":"https:\/\/www.festivaldelladiplomazia.eu\/en\/speakers\/carlotta-ventura-2\/","og_site_name":"Festival della Diplomazia","article_modified_time":"2025-09-23T09:04:34+00:00","og_image":[{"width":2396,"height":2560,"url":"https:\/\/www.festivaldelladiplomazia.eu\/wp-content\/uploads\/2025\/07\/ventura-0255_processed-scaled.jpg","type":"image\/jpeg"}],"twitter_card":"summary_large_image","twitter_misc":{"Est. reading time":"2 minutes"},"schema":{"@context":"https:\/\/schema.org","@graph":[{"@type":"WebPage","@id":"https:\/\/www.festivaldelladiplomazia.eu\/en\/speakers\/carlotta-ventura-2\/","url":"https:\/\/www.festivaldelladiplomazia.eu\/en\/speakers\/carlotta-ventura-2\/","name":"Carlotta Ventura - Festival della Diplomazia","isPartOf":{"@id":"https:\/\/www.festivaldelladiplomazia.eu\/#website"},"primaryImageOfPage":{"@id":"https:\/\/www.festivaldelladiplomazia.eu\/en\/speakers\/carlotta-ventura-2\/#primaryimage"},"image":{"@id":"https:\/\/www.festivaldelladiplomazia.eu\/en\/speakers\/carlotta-ventura-2\/#primaryimage"},"thumbnailUrl":"https:\/\/www.festivaldelladiplomazia.eu\/wp-content\/uploads\/2025\/07\/ventura-0255_processed-scaled.jpg","datePublished":"2025-07-01T12:36:54+00:00","dateModified":"2025-09-23T09:04:34+00:00","description":"Chief Communication, Sustainability and Regional Affairs Officer, A2A","breadcrumb":{"@id":"https:\/\/www.festivaldelladiplomazia.eu\/en\/speakers\/carlotta-ventura-2\/#breadcrumb"},"inLanguage":"en-US","potentialAction":[{"@type":"ReadAction","target":["https:\/\/www.festivaldelladiplomazia.eu\/en\/speakers\/carlotta-ventura-2\/"]}]},{"@type":"ImageObject","inLanguage":"en-US","@id":"https:\/\/www.festivaldelladiplomazia.eu\/en\/speakers\/carlotta-ventura-2\/#primaryimage","url":"https:\/\/www.festivaldelladiplomazia.eu\/wp-content\/uploads\/2025\/07\/ventura-0255_processed-scaled.jpg","contentUrl":"https:\/\/www.festivaldelladiplomazia.eu\/wp-content\/uploads\/2025\/07\/ventura-0255_processed-scaled.jpg","width":2396,"height":2560},{"@type":"BreadcrumbList","@id":"https:\/\/www.festivaldelladiplomazia.eu\/en\/speakers\/carlotta-ventura-2\/#breadcrumb","itemListElement":[{"@type":"ListItem","position":1,"name":"Home","item":"https:\/\/www.festivaldelladiplomazia.eu\/en\/"},{"@type":"ListItem","position":2,"name":"Speakers","item":"https:\/\/www.festivaldelladiplomazia.eu\/speakers\/"},{"@type":"ListItem","position":3,"name":"Carlotta Ventura"}]},{"@type":"WebSite","@id":"https:\/\/www.festivaldelladiplomazia.eu\/#website","url":"https:\/\/www.festivaldelladiplomazia.eu\/","name":"Festival della Diplomazia","description":"","potentialAction":[{"@type":"SearchAction","target":{"@type":"EntryPoint","urlTemplate":"https:\/\/www.festivaldelladiplomazia.eu\/?s={search_term_string}"},"query-input":{"@type":"PropertyValueSpecification","valueRequired":true,"valueName":"search_term_string"}}],"inLanguage":"en-US"}]}},"_links":{"self":[{"href":"https:\/\/www.festivaldelladiplomazia.eu\/en\/wp-json\/wp\/v2\/speakers\/25207"}],"collection":[{"href":"https:\/\/www.festivaldelladiplomazia.eu\/en\/wp-json\/wp\/v2\/speakers"}],"about":[{"href":"https:\/\/www.festivaldelladiplomazia.eu\/en\/wp-json\/wp\/v2\/types\/speakers"}],"version-history":[{"count":3,"href":"https:\/\/www.festivaldelladiplomazia.eu\/en\/wp-json\/wp\/v2\/speakers\/25207\/revisions"}],"predecessor-version":[{"id":26148,"href":"https:\/\/www.festivaldelladiplomazia.eu\/en\/wp-json\/wp\/v2\/speakers\/25207\/revisions\/26148"}],"wp:featuredmedia":[{"embeddable":true,"href":"https:\/\/www.festivaldelladiplomazia.eu\/en\/wp-json\/wp\/v2\/media\/25200"}],"wp:attachment":[{"href":"https:\/\/www.festivaldelladiplomazia.eu\/en\/wp-json\/wp\/v2\/media?parent=25207"}],"curies":[{"name":"wp","href":"https:\/\/api.w.org\/{rel}","templated":true}]}}

<p>Responsabile della Comunicazione, Sostenibilità e Affari Regionali, della A2A</p>

<p>Ha lunga esperienza di tutte le componenti della comunicazione istituzionale e di business e un forte interesse per sostenibilità e responsabilità sociale coniugate a innovazione, ricerca e start up. Ha lavorato in General Motors Italia, Opel Italia e poi in Ford. In Telecom Italia dal 2000, ricopre vari incarichi fino al ruolo di Executive Vice President – Brand Strategy and Media, con l’obiettivo di garantire politiche di gestione e posizionamento del marchio, identità aziendale e strategia di comunicazione. Dal 2016 al 2018 è Direttore Centrale Brand Strategy e Comunicazione presso Ferrovie dello Stato e nel 2019 assume l’incarico di Direttore del Centro Studi Americani nonché quello di Brand, Marketing and Communications Director for Med Region di EY. È Adjunct Professor della LUISS Business School e della Pontificia Università Gregoriana e nel sociale segue attivamente programmi e iniziative volti alla promozione della diversity e dell’inclusione. Da marzo 2024 è Presidente di Amsa S.p.A. e da aprile 2025 Consigliere del Consiglio Direttivo di UN Global Compact Network Italia. Laureata in Lettere e Filosofia presso l’Università La Sapienza di Roma, ha coltivato negli anni la sua passione per l’archeologia e le lingue classiche coniugandole a un costante approfondimento dei temi di economia e geopolitica. Nel febbraio 2023, ha conseguito il master per Senior Executive presso la Stanford University Graduate School of Business, focalizzandosi in particolare su business e leadership (dal design thinking, alla negoziazione, dall’ingegneria finanziaria al crisis management).</p>

<p></p>
