{"id":25989,"date":"2025-09-19T09:18:32","date_gmt":"2025-09-19T07:18:32","guid":{"rendered":"https:\/\/www.festivaldelladiplomazia.eu\/speakers\/tol-gonul\/"},"modified":"2025-09-19T09:19:32","modified_gmt":"2025-09-19T07:19:32","slug":"tol-gonul","status":"publish","type":"speakers","link":"https:\/\/www.festivaldelladiplomazia.eu\/en\/speakers\/tol-gonul\/","title":{"rendered":"Tol G\u00f6n\u00fcl"},"content":{"rendered":"\n<p>G\u00f6n\u00fcl Tol is a senior research fellow at the Middle East Institute (MEI), where she focuses on Turkish politics, US-Turkey relations, political Islam, and regional dynamics in the Middle East. Her research also explores the formation of ethnic and religious identity, immigration, and the role of identity in shaping foreign policy.<\/p>\n\n\n\n<p>A frequent commentator, Dr Tol has written numerous articles on Turkish domestic and foreign policy for publications such as Foreign Affairs, Foreign Policy and The Financial Times. Her articles include \u201cTurkey Is Now a Full-Blown Autocracy\u201d in Foreign Affairs (March 2025) and \u201cErdogan Sees Nothing But Opportunity in Syria\u201d in The Financial Times (December 2024).<br>She is the author of Erdogan&#8217;s War: A Strongman&#8217;s Struggle at Home and in Syria (Oxford University Press, 2023).<\/p>\n\n\n\n<p><\/p>\n","protected":false},"featured_media":25987,"template":"","meta":{"_acf_changed":false,"footnotes":""},"acf":[],"yoast_head":"<!-- This site is optimized with the Yoast SEO plugin v24.5 - https:\/\/yoast.com\/wordpress\/plugins\/seo\/ -->\n<title>Tol G\u00f6n\u00fcl - Festival della Diplomazia<\/title>\n<meta name=\"description\" content=\"G\u00f6n\u00fcl Tol \u00e8 ricercatrice senior presso il Middle East Institute (MEI), dove si occupa di politica turca, relazioni tra Stati Uniti e Turchia, Islam politico e dinamiche regionali in Medio Oriente.\" \/>\n<meta name=\"robots\" content=\"index, follow, max-snippet:-1, max-image-preview:large, max-video-preview:-1\" \/>\n<link rel=\"canonical\" href=\"https:\/\/www.festivaldelladiplomazia.eu\/en\/speakers\/tol-gonul\/\" \/>\n<meta property=\"og:locale\" content=\"en_US\" \/>\n<meta property=\"og:type\" content=\"article\" \/>\n<meta property=\"og:title\" content=\"Tol G\u00f6n\u00fcl - Festival della Diplomazia\" \/>\n<meta property=\"og:description\" content=\"G\u00f6n\u00fcl Tol \u00e8 ricercatrice senior presso il Middle East Institute (MEI), dove si occupa di politica turca, relazioni tra Stati Uniti e Turchia, Islam politico e dinamiche regionali in Medio Oriente.\" \/>\n<meta property=\"og:url\" content=\"https:\/\/www.festivaldelladiplomazia.eu\/en\/speakers\/tol-gonul\/\" \/>\n<meta property=\"og:site_name\" content=\"Festival della Diplomazia\" \/>\n<meta property=\"article:modified_time\" content=\"2025-09-19T07:19:32+00:00\" \/>\n<meta property=\"og:image\" content=\"https:\/\/www.festivaldelladiplomazia.eu\/wp-content\/uploads\/2025\/09\/Gonul-1-large_c-copy.jpg\" \/>\n\t<meta property=\"og:image:width\" content=\"300\" \/>\n\t<meta property=\"og:image:height\" content=\"400\" \/>\n\t<meta property=\"og:image:type\" content=\"image\/jpeg\" \/>\n<meta name=\"twitter:card\" content=\"summary_large_image\" \/>\n<meta name=\"twitter:label1\" content=\"Est. reading time\" \/>\n\t<meta name=\"twitter:data1\" content=\"1 minute\" \/>\n<script type=\"application\/ld+json\" class=\"yoast-schema-graph\">{\"@context\":\"https:\/\/schema.org\",\"@graph\":[{\"@type\":\"WebPage\",\"@id\":\"https:\/\/www.festivaldelladiplomazia.eu\/en\/speakers\/tol-gonul\/\",\"url\":\"https:\/\/www.festivaldelladiplomazia.eu\/en\/speakers\/tol-gonul\/\",\"name\":\"Tol G\u00f6n\u00fcl - Festival della Diplomazia\",\"isPartOf\":{\"@id\":\"https:\/\/www.festivaldelladiplomazia.eu\/#website\"},\"primaryImageOfPage\":{\"@id\":\"https:\/\/www.festivaldelladiplomazia.eu\/en\/speakers\/tol-gonul\/#primaryimage\"},\"image\":{\"@id\":\"https:\/\/www.festivaldelladiplomazia.eu\/en\/speakers\/tol-gonul\/#primaryimage\"},\"thumbnailUrl\":\"https:\/\/www.festivaldelladiplomazia.eu\/wp-content\/uploads\/2025\/09\/Gonul-1-large_c-copy.jpg\",\"datePublished\":\"2025-09-19T07:18:32+00:00\",\"dateModified\":\"2025-09-19T07:19:32+00:00\",\"description\":\"G\u00f6n\u00fcl Tol \u00e8 ricercatrice senior presso il Middle East Institute (MEI), dove si occupa di politica turca, relazioni tra Stati Uniti e Turchia, Islam politico e dinamiche regionali in Medio Oriente.\",\"breadcrumb\":{\"@id\":\"https:\/\/www.festivaldelladiplomazia.eu\/en\/speakers\/tol-gonul\/#breadcrumb\"},\"inLanguage\":\"en-US\",\"potentialAction\":[{\"@type\":\"ReadAction\",\"target\":[\"https:\/\/www.festivaldelladiplomazia.eu\/en\/speakers\/tol-gonul\/\"]}]},{\"@type\":\"ImageObject\",\"inLanguage\":\"en-US\",\"@id\":\"https:\/\/www.festivaldelladiplomazia.eu\/en\/speakers\/tol-gonul\/#primaryimage\",\"url\":\"https:\/\/www.festivaldelladiplomazia.eu\/wp-content\/uploads\/2025\/09\/Gonul-1-large_c-copy.jpg\",\"contentUrl\":\"https:\/\/www.festivaldelladiplomazia.eu\/wp-content\/uploads\/2025\/09\/Gonul-1-large_c-copy.jpg\",\"width\":300,\"height\":400},{\"@type\":\"BreadcrumbList\",\"@id\":\"https:\/\/www.festivaldelladiplomazia.eu\/en\/speakers\/tol-gonul\/#breadcrumb\",\"itemListElement\":[{\"@type\":\"ListItem\",\"position\":1,\"name\":\"Home\",\"item\":\"https:\/\/www.festivaldelladiplomazia.eu\/en\/\"},{\"@type\":\"ListItem\",\"position\":2,\"name\":\"Speakers\",\"item\":\"https:\/\/www.festivaldelladiplomazia.eu\/speakers\/\"},{\"@type\":\"ListItem\",\"position\":3,\"name\":\"Tol G\u00f6n\u00fcl\"}]},{\"@type\":\"WebSite\",\"@id\":\"https:\/\/www.festivaldelladiplomazia.eu\/#website\",\"url\":\"https:\/\/www.festivaldelladiplomazia.eu\/\",\"name\":\"Festival della Diplomazia\",\"description\":\"\",\"potentialAction\":[{\"@type\":\"SearchAction\",\"target\":{\"@type\":\"EntryPoint\",\"urlTemplate\":\"https:\/\/www.festivaldelladiplomazia.eu\/?s={search_term_string}\"},\"query-input\":{\"@type\":\"PropertyValueSpecification\",\"valueRequired\":true,\"valueName\":\"search_term_string\"}}],\"inLanguage\":\"en-US\"}]}<\/script>\n<!-- \/ Yoast SEO plugin. -->","yoast_head_json":{"title":"Tol G\u00f6n\u00fcl - Festival della Diplomazia","description":"G\u00f6n\u00fcl Tol \u00e8 ricercatrice senior presso il Middle East Institute (MEI), dove si occupa di politica turca, relazioni tra Stati Uniti e Turchia, Islam politico e dinamiche regionali in Medio Oriente.","robots":{"index":"index","follow":"follow","max-snippet":"max-snippet:-1","max-image-preview":"max-image-preview:large","max-video-preview":"max-video-preview:-1"},"canonical":"https:\/\/www.festivaldelladiplomazia.eu\/en\/speakers\/tol-gonul\/","og_locale":"en_US","og_type":"article","og_title":"Tol G\u00f6n\u00fcl - Festival della Diplomazia","og_description":"G\u00f6n\u00fcl Tol \u00e8 ricercatrice senior presso il Middle East Institute (MEI), dove si occupa di politica turca, relazioni tra Stati Uniti e Turchia, Islam politico e dinamiche regionali in Medio Oriente.","og_url":"https:\/\/www.festivaldelladiplomazia.eu\/en\/speakers\/tol-gonul\/","og_site_name":"Festival della Diplomazia","article_modified_time":"2025-09-19T07:19:32+00:00","og_image":[{"width":300,"height":400,"url":"https:\/\/www.festivaldelladiplomazia.eu\/wp-content\/uploads\/2025\/09\/Gonul-1-large_c-copy.jpg","type":"image\/jpeg"}],"twitter_card":"summary_large_image","twitter_misc":{"Est. reading time":"1 minute"},"schema":{"@context":"https:\/\/schema.org","@graph":[{"@type":"WebPage","@id":"https:\/\/www.festivaldelladiplomazia.eu\/en\/speakers\/tol-gonul\/","url":"https:\/\/www.festivaldelladiplomazia.eu\/en\/speakers\/tol-gonul\/","name":"Tol G\u00f6n\u00fcl - Festival della Diplomazia","isPartOf":{"@id":"https:\/\/www.festivaldelladiplomazia.eu\/#website"},"primaryImageOfPage":{"@id":"https:\/\/www.festivaldelladiplomazia.eu\/en\/speakers\/tol-gonul\/#primaryimage"},"image":{"@id":"https:\/\/www.festivaldelladiplomazia.eu\/en\/speakers\/tol-gonul\/#primaryimage"},"thumbnailUrl":"https:\/\/www.festivaldelladiplomazia.eu\/wp-content\/uploads\/2025\/09\/Gonul-1-large_c-copy.jpg","datePublished":"2025-09-19T07:18:32+00:00","dateModified":"2025-09-19T07:19:32+00:00","description":"G\u00f6n\u00fcl Tol \u00e8 ricercatrice senior presso il Middle East Institute (MEI), dove si occupa di politica turca, relazioni tra Stati Uniti e Turchia, Islam politico e dinamiche regionali in Medio Oriente.","breadcrumb":{"@id":"https:\/\/www.festivaldelladiplomazia.eu\/en\/speakers\/tol-gonul\/#breadcrumb"},"inLanguage":"en-US","potentialAction":[{"@type":"ReadAction","target":["https:\/\/www.festivaldelladiplomazia.eu\/en\/speakers\/tol-gonul\/"]}]},{"@type":"ImageObject","inLanguage":"en-US","@id":"https:\/\/www.festivaldelladiplomazia.eu\/en\/speakers\/tol-gonul\/#primaryimage","url":"https:\/\/www.festivaldelladiplomazia.eu\/wp-content\/uploads\/2025\/09\/Gonul-1-large_c-copy.jpg","contentUrl":"https:\/\/www.festivaldelladiplomazia.eu\/wp-content\/uploads\/2025\/09\/Gonul-1-large_c-copy.jpg","width":300,"height":400},{"@type":"BreadcrumbList","@id":"https:\/\/www.festivaldelladiplomazia.eu\/en\/speakers\/tol-gonul\/#breadcrumb","itemListElement":[{"@type":"ListItem","position":1,"name":"Home","item":"https:\/\/www.festivaldelladiplomazia.eu\/en\/"},{"@type":"ListItem","position":2,"name":"Speakers","item":"https:\/\/www.festivaldelladiplomazia.eu\/speakers\/"},{"@type":"ListItem","position":3,"name":"Tol G\u00f6n\u00fcl"}]},{"@type":"WebSite","@id":"https:\/\/www.festivaldelladiplomazia.eu\/#website","url":"https:\/\/www.festivaldelladiplomazia.eu\/","name":"Festival della Diplomazia","description":"","potentialAction":[{"@type":"SearchAction","target":{"@type":"EntryPoint","urlTemplate":"https:\/\/www.festivaldelladiplomazia.eu\/?s={search_term_string}"},"query-input":{"@type":"PropertyValueSpecification","valueRequired":true,"valueName":"search_term_string"}}],"inLanguage":"en-US"}]}},"_links":{"self":[{"href":"https:\/\/www.festivaldelladiplomazia.eu\/en\/wp-json\/wp\/v2\/speakers\/25989"}],"collection":[{"href":"https:\/\/www.festivaldelladiplomazia.eu\/en\/wp-json\/wp\/v2\/speakers"}],"about":[{"href":"https:\/\/www.festivaldelladiplomazia.eu\/en\/wp-json\/wp\/v2\/types\/speakers"}],"version-history":[{"count":1,"href":"https:\/\/www.festivaldelladiplomazia.eu\/en\/wp-json\/wp\/v2\/speakers\/25989\/revisions"}],"predecessor-version":[{"id":25990,"href":"https:\/\/www.festivaldelladiplomazia.eu\/en\/wp-json\/wp\/v2\/speakers\/25989\/revisions\/25990"}],"wp:featuredmedia":[{"embeddable":true,"href":"https:\/\/www.festivaldelladiplomazia.eu\/en\/wp-json\/wp\/v2\/media\/25987"}],"wp:attachment":[{"href":"https:\/\/www.festivaldelladiplomazia.eu\/en\/wp-json\/wp\/v2\/media?parent=25989"}],"curies":[{"name":"wp","href":"https:\/\/api.w.org\/{rel}","templated":true}]}}

Tol Gönül

<p>Gönül Tol is a senior research fellow at the Middle East Institute (MEI), where she focuses on Turkish politics, US-Turkey relations, political Islam, and regional dynamics in the Middle East. Her research also explores the formation of ethnic and religious identity, immigration, and the role of identity in shaping foreign policy.</p>



<p>A frequent commentator, Dr Tol has written numerous articles on Turkish domestic and foreign policy for publications such as Foreign Affairs, Foreign Policy and The Financial Times. Her articles include “Turkey Is Now a Full-Blown Autocracy” in Foreign Affairs (March 2025) and “Erdogan Sees Nothing But Opportunity in Syria” in The Financial Times (December 2024).<br>She is the author of Erdogan&#8217;s War: A Strongman&#8217;s Struggle at Home and in Syria (Oxford University Press, 2023).</p>



<p></p>

<!-- This site is optimized with the Yoast SEO plugin v24.5 - https://yoast.com/wordpress/plugins/seo/ -->
<title>Tol Gönül - Festival della Diplomazia</title>
<meta name="description" content="Gönül Tol è ricercatrice senior presso il Middle East Institute (MEI), dove si occupa di politica turca, relazioni tra Stati Uniti e Turchia, Islam politico e dinamiche regionali in Medio Oriente." />
<meta name="robots" content="index, follow, max-snippet:-1, max-image-preview:large, max-video-preview:-1" />
<link rel="canonical" href="https://www.festivaldelladiplomazia.eu/en/speakers/tol-gonul/" />
<meta property="og:locale" content="en_US" />
<meta property="og:type" content="article" />
<meta property="og:title" content="Tol Gönül - Festival della Diplomazia" />
<meta property="og:description" content="Gönül Tol è ricercatrice senior presso il Middle East Institute (MEI), dove si occupa di politica turca, relazioni tra Stati Uniti e Turchia, Islam politico e dinamiche regionali in Medio Oriente." />
<meta property="og:url" content="https://www.festivaldelladiplomazia.eu/en/speakers/tol-gonul/" />
<meta property="og:site_name" content="Festival della Diplomazia" />
<meta property="article:modified_time" content="2025-09-19T07:19:32+00:00" />
<meta property="og:image" content="https://www.festivaldelladiplomazia.eu/wp-content/uploads/2025/09/Gonul-1-large_c-copy.jpg" />
	<meta property="og:image:width" content="300" />
	<meta property="og:image:height" content="400" />
	<meta property="og:image:type" content="image/jpeg" />
<meta name="twitter:card" content="summary_large_image" />
<meta name="twitter:label1" content="Est. reading time" />
	<meta name="twitter:data1" content="1 minute" />
<script type="application/ld+json" class="yoast-schema-graph">{"@context":"https://schema.org","@graph":[{"@type":"WebPage","@id":"https://www.festivaldelladiplomazia.eu/en/speakers/tol-gonul/","url":"https://www.festivaldelladiplomazia.eu/en/speakers/tol-gonul/","name":"Tol Gönül - Festival della Diplomazia","isPartOf":{"@id":"https://www.festivaldelladiplomazia.eu/#website"},"primaryImageOfPage":{"@id":"https://www.festivaldelladiplomazia.eu/en/speakers/tol-gonul/#primaryimage"},"image":{"@id":"https://www.festivaldelladiplomazia.eu/en/speakers/tol-gonul/#primaryimage"},"thumbnailUrl":"https://www.festivaldelladiplomazia.eu/wp-content/uploads/2025/09/Gonul-1-large_c-copy.jpg","datePublished":"2025-09-19T07:18:32+00:00","dateModified":"2025-09-19T07:19:32+00:00","description":"Gönül Tol è ricercatrice senior presso il Middle East Institute (MEI), dove si occupa di politica turca, relazioni tra Stati Uniti e Turchia, Islam politico e dinamiche regionali in Medio Oriente.","breadcrumb":{"@id":"https://www.festivaldelladiplomazia.eu/en/speakers/tol-gonul/#breadcrumb"},"inLanguage":"en-US","potentialAction":[{"@type":"ReadAction","target":["https://www.festivaldelladiplomazia.eu/en/speakers/tol-gonul/"]}]},{"@type":"ImageObject","inLanguage":"en-US","@id":"https://www.festivaldelladiplomazia.eu/en/speakers/tol-gonul/#primaryimage","url":"https://www.festivaldelladiplomazia.eu/wp-content/uploads/2025/09/Gonul-1-large_c-copy.jpg","contentUrl":"https://www.festivaldelladiplomazia.eu/wp-content/uploads/2025/09/Gonul-1-large_c-copy.jpg","width":300,"height":400},{"@type":"BreadcrumbList","@id":"https://www.festivaldelladiplomazia.eu/en/speakers/tol-gonul/#breadcrumb","itemListElement":[{"@type":"ListItem","position":1,"name":"Home","item":"https://www.festivaldelladiplomazia.eu/en/"},{"@type":"ListItem","position":2,"name":"Speakers","item":"https://www.festivaldelladiplomazia.eu/speakers/"},{"@type":"ListItem","position":3,"name":"Tol Gönül"}]},{"@type":"WebSite","@id":"https://www.festivaldelladiplomazia.eu/#website","url":"https://www.festivaldelladiplomazia.eu/","name":"Festival della Diplomazia","description":"","potentialAction":[{"@type":"SearchAction","target":{"@type":"EntryPoint","urlTemplate":"https://www.festivaldelladiplomazia.eu/?s={search_term_string}"},"query-input":{"@type":"PropertyValueSpecification","valueRequired":true,"valueName":"search_term_string"}}],"inLanguage":"en-US"}]}</script>
<!-- / Yoast SEO plugin. -->

Tol Gönül - Festival della Diplomazia

Gönül Tol è ricercatrice senior presso il Middle East Institute (MEI), dove si occupa di politica turca, relazioni tra Stati Uniti e Turchia, Islam politico e dinamiche regionali in Medio Oriente.
